rs of n.
2, 739
List the prime factors of (-599125)/(-10) + 2/(-4).
2, 7489
Let w = -1124 - -2250. Let u(a) = -a**3 + 12*a**2 + 9*a + 11. Let n be u(9). Suppose 0 = 7*k + n - w. List the prime factors of k.
113
Suppose 104612 = 26*l - 7864. List the prime factors of l.
2, 3, 7, 103
Let b = 137 + -77. Suppose -19*n = -5*n + 966. Let a = b - n. What are the prime factors of a?
3, 43
Suppose 2*w + 655 - 59 = 0. Let h = w + 540. What are the prime factors of h?
2, 11
Let o = -210 - -521. Suppose -5*l + 1192 = -3*v, 4*l + 2*v - o - 625 = 0. Suppose 1316 - l = 10*k. What are the prime factors of k?
2, 3
Let c(n) = 38*n**3 + 3*n + 7. Let s(h) = -37*h**3 - 3*h - 6. Let j(b) = 3*c(b) + 4*s(b). What are the prime factors of j(-1)?
2, 17
Let k(a) = 42*a**2 + a + 2. Let p be k(-2). Let d = 189 - p. What are the prime factors of d?
3, 7
Suppose -79*y = o - 75*y - 2720, -23*y + 8193 = 3*o. List the prime factors of o.
2, 677
Let v(z) = -125*z - 2. Let h = -883 - -872. List the prime factors of v(h).
1373
Let y be (0 + 497)*(-6)/2*-4. Suppose -5*d = 7*d - y. What are the prime factors of d?
7, 71
Let m(j) be the first derivative of 50*j**2 + 15*j - 36. What are the prime factors of m(3)?
3, 5, 7
Let c(l) = -5*l**2 - l + 2. Let g be (-3*(-2 - 28/(-12)))/(-1). Let v be c(g). What are the prime factors of -2*((-19)/4)/(v/(-16))?
2, 19
Let t = -464 - -236. Let x = 47 + 365. Let f = x + t. What are the prime factors of f?
2, 23
Let c(w) = -18432*w + 54. Let t be c(-6). List the prime factors of (-6)/(-33) - (t/22)/(-9).
13, 43
Let a(z) = 193*z**2 - 42*z + 120. List the prime factors of a(7).
9283
Suppose -36*f = -127*f + 1952496. List the prime factors of f.
2, 3, 149
Let i = 127 + -77. Let o = -31 + i. Suppose -15*h = -o*h + 176. What are the prime factors of h?
2, 11
Suppose v = -3*v + 76. Suppose 0 = 14*i - v*i + 770. What are the prime factors of i?
2, 7, 11
Let t(r) = r**3 + 45*r**2 - 25*r - 543. What are the prime factors of t(-33)?
2, 3, 5, 89
Suppose 44419 + 52548 = 13*x. What are the prime factors of x?
7459
Let a(k) be the second derivative of -4*k**3/3 + 147*k**2/2 - 16*k. Let r(u) = -2*u + 37. Let h(l) = -2*a(l) + 9*r(l). What are the prime factors of h(-19)?
7, 11
List the prime factors of (-5 - -1)*139251/(-84).
19, 349
Suppose 5*n - 3*n + 5*w + 9 = 0, 27 = 5*n - 4*w. Suppose 4*l = -0*t + t + 7, n*t = -2*l - 7. What are the prime factors of l + 4 + 8 + -6?
7
Suppose -5845 = -177*z + 182*z. Let g = -387 - z. List the prime factors of g.
2, 17, 23
Suppose -1729 = -x + 2894. List the prime factors of x.
3, 23, 67
Let f(v) = 5*v - 2. Let y(o) = -o**3 - 8*o**2 - 2*o - 15. Let p be y(-8). Let s be f(p). Suppose 8*a - 110 = s*a. What are the prime factors of a?
2, 11
Let q(u) be the third derivative of -7*u**6/30 - u**5/60 - 11*u**4/24 - 11*u**3/6 + 2*u**2 + 23*u. What are the prime factors of q(-3)?
769
Let q(w) = 2*w**3 - 75*w**2 - 103*w - 61. What are the prime factors of q(42)?
11489
Suppose 2*u - 19434 - 59395 = -5*j, u - 78827 = -5*j. List the prime factors of j.
3, 5, 1051
Let y = -2 - -4. Let l be 36/8 + 1/y. List the prime factors of (6 - l)*-1*(-87)/1.
3, 29
Suppose -3*k = -0*k + 5*a - 67, -5*k + 75 = a. Suppose 10*z + 1008 = k*z. List the prime factors of z.
2, 3, 7
Let h = 43 - 41. Suppose 0*u + 35 = 5*u - 3*b, -27 = -3*u + 3*b. Suppose i = -1, q + h*i - 70 = u*i. List the prime factors of q.
2, 17
Let k = 190 + -178. Suppose -13*t = -11*t - k. What are the prime factors of t?
2, 3
Let r(g) = -g**3 - 5*g**2 + 15*g. Let k(v) = -4*v + 9. Let c be k(4). Let u be r(c). What are the prime factors of -2*(-1)/7 - 138/u?
2, 5
Let b be ((-3)/(-2))/((-102)/(-16) - 6). Suppose -b*d + d = 2*o - 334, 0 = d - 3*o - 126. List the prime factors of d.
2, 3, 19
Let n = -111 + 111. Suppose n = 4*s - 15*s + 1364. What are the prime factors of s?
2, 31
Suppose -3*h = -4*x - 103141, -h + x = h - 68754. Suppose 153*p = 178*p - h. What are the prime factors of p?
5, 11
Let d = -63272 - -123430. List the prime factors of d.
2, 7, 4297
Suppose 3*a - 15 = 0, -424*i + 425*i + 5*a = 30700. What are the prime factors of i?
3, 5, 409
Let j(o) = 46*o**3 + 2*o**2 + 2*o. Let z be j(-1). Let x = 62 + z. What are the prime factors of (8/x)/((-1)/(-50))?
5
What are the prime factors of -228*(-29)/(870/3760)?
2, 19, 47
Suppose -4*q = -4*a + 64352, 80416 = -498*a + 503*a - q. List the prime factors of a.
2, 11, 17, 43
Let k(q) = q**3 - 4*q + 5. Let w(b) = -b + 15. Let x be w(8). Suppose 4*i - x*i = -15. What are the prime factors of k(i)?
2, 5, 11
Let l = -11702 + 24602. What are the prime factors of l?
2, 3, 5, 43
Let v(z) be the third derivative of z**5/60 + z**4/4 - 31*z**3/6 - 3*z**2. Suppose -51 - 19 = -7*t. What are the prime factors of v(t)?
3, 43
Let i = 2869 + -810. Suppose -5149 = -5*l - 33*g + 32*g, g = -2*l + i. List the prime factors of l.
2, 5, 103
Let f be (26/6 + -4)*(-5 + 5). Suppose -693 = -4*w - r, 2*w + r - 86 - 263 = f. List the prime factors of w.
2, 43
Let s be 4/58 + 728/377. Suppose 0 = 2*r + 3*r. Suppose s*q - 5*q + 204 = r. List the prime factors of q.
2, 17
Let x = 1469 + -2145. Let s = x - -1217. What are the prime factors of s?
541
Let a = 201 - 199. Suppose a*z = -334 + 1118. List the prime factors of z.
2, 7
Suppose -3*g - 8 - 10 = 0. List the prime factors of (27/6)/(g/(-328)*1).
2, 3, 41
Suppose 11*h + 913653 = 128*h. What are the prime factors of h?
3, 19, 137
Suppose 2183*j + 147940 = 2209*j. What are the prime factors of j?
2, 5, 569
List the prime factors of 15858 - 19/(114/66).
13, 23, 53
List the prime factors of -7 + -6 + 4252 + 10.
7, 607
Suppose 2*l + 31 = 4*j + j, -2*l = -4. Suppose -5*w + j*w + 56 = 0. Let g = w + 50. What are the prime factors of g?
2, 11
Let m(d) = d + 58. List the prime factors of m(-9).
7
Suppose 6824 = 6*k + 2*k. Let r = 1598 - k. List the prime factors of r.
5, 149
Suppose -2*m + 22085 = 4*u - 8371, -5*u + 2*m = -38052. List the prime factors of u.
2, 11, 173
Suppose 58*b = 57*b. Suppose -4 = c + i - 4*i, b = c - i. What are the prime factors of c/(-9) + 1841/63?
29
Let t(b) be the third derivative of 11*b**5/60 + b**4/8 + 7*b**3/2 + 65*b**2. What are the prime factors of t(-5)?
281
Suppose -13*q - 2*v - 58573 = -14*q, -4*q + 5*v + 234289 = 0. What are the prime factors of q?
37, 1583
Let i(h) = -h**3 - 12*h**2 - 16*h - 40. Let j be i(-16). Suppose -f - 2*d + 250 = 0, 0*f + j = 5*f + 5*d. List the prime factors of f.
2, 3, 41
Let u = -5856 + 14478. List the prime factors of u.
2, 3, 479
Suppose -32 = -3*b + 7. Suppose -3*x = -b*x + 2530. Let v = x + -67. List the prime factors of v.
2, 3, 31
Let l(b) = -4*b**3 + 9*b**2 - 3*b - 5. Let z be l(8). Let x = -656 - z. Let h = x + -556. List the prime factors of h.
17
Let x(y) = 29*y**3 + 3*y**2 - 2*y - 3. Let w(u) = -u**3 - 5*u**2 + 6*u + 33. Let l be w(-5). What are the prime factors of x(l)?
3, 89
Suppose 0 = 98*p - 93*p + 2*v - 55350, -33210 = -3*p + v. What are the prime factors of p?
2, 3, 5, 41
Let t be 378/(-4) - (-17)/(-34). Let h = t + 106. List the prime factors of h.
11
Let i(h) = -11*h**2 - 15*h - 15. Let o(y) = 10*y**2 + 14*y + 16. Let c(q) = 3*i(q) + 4*o(q). List the prime factors of c(-5).
139
Suppose -228*f + 166361 = -215*f. What are the prime factors of f?
67, 191
Let s(b) = -53*b + 7*b - 13 - 14. List the prime factors of s(-4).
157
Let y be (-30)/(-7) - (-4)/(-14). Let x be (-2 - -2)/(10 - 8). Suppose 2*t - 155 = -3*d, -y*t - 5*d = -x*t - 309. What are the prime factors of t?
2, 19
Let u be 17/2 - ((-20)/(-8) - 4). Suppose 0*a - 3*a = -4*q + 20, -2*q - 4*a + u = 0. Suppose 13 + 182 = q*g. List the prime factors of g.
3, 13
Let t(a) be the third derivative of 0*a + 0 - 22*a**2 + 1/30*a**5 - 7/2*a**3 - 1/24*a**4. What are the prime factors of t(9)?
2, 3, 11
Suppose 170383 = 3*h + 4*f, 1303*h - 1301*h + f = 113582. List the prime factors of h.
109, 521
Suppose -12*f + 72 = -5*s - 15*f, 3*s - f + 46 = 0. List the prime factors of s/25 + 16426/10.
2, 821
Let r = 26 + -24. Suppose 9 = 2*x + 3*c, 4*c - 19 = -r*x - c. What are the prime factors of x/((-6)/(-154))*2/(-2)?
7, 11
Let k(x) = -14*x - 1. Let c be k(-2). Let y = c + -26. What are the prime factors of 93/y + (13 - 15)?
7, 13
Let z be 1*-4*(23530/(-40))/(-13). Let l = 284 + z. What are the prime f